03?
57
Calculate the greatest common divisor of 69500 and 2615980.
2780
Calculate the greatest common divisor of 121671193 and 6783.
2261
Calculate the highest common factor of 1602300 and 7957.
109
What is the greatest common factor of 9471 and 28391?
11
Calculate the highest common factor of 154079 and 4.
1
What is the highest common divisor of 1489898333 and 113?
113
What is the highest common divisor of 4876 and 1884390?
46
What is the greatest common factor of 18950 and 2624954?
758
Calculate the greatest common factor of 10487818 and 88.
22
What is the highest common divisor of 10 and 40525610?
10
What is the highest common factor of 3250967285 and 205?
205
Calculate the highest common factor of 132114499 and 10673.
821
Calculate the highest common factor of 22095864 and 2088.
72
What is the highest common divisor of 69 and 36910561?
23
Calculate the greatest common divisor of 982 and 15960937.
491
Calculate the highest common factor of 102383460 and 1080.
540
What is the highest common divisor of 5936706 and 432?
54
Calculate the highest common factor of 3140 and 32185.
785
Calculate the highest common factor of 12620552 and 1184.
296
Calculate the highest common factor of 441 and 21306474.
441
What is the greatest common divisor of 613952 and 9364?
4
Calculate the greatest common factor of 273 and 16970421.
39
Calculate the highest common divisor of 4718520 and 14280.
2040
Calculate the highest common divisor of 120 and 92424.
24
What is the highest common factor of 26011866 and 4401?
489
What is the highest common divisor of 682810 and 250?
10
Calculate the highest common divisor of 159488 and 1708266.
1246
What is the greatest common factor of 1109912 and 104?
8
Calculate the highest common divisor of 1832 and 79480862.
458
What is the greatest common divisor of 6555 and 7620?
15
Calculate the highest common factor of 3546 and 822278.
394
Calculate the greatest common factor of 17082 and 10045968.
438
Calculate the highest common factor of 34121 and 112793.
149
What is the highest common factor of 2546360 and 200?
40
Calculate the greatest common factor of 272772384 and 4.
4
What is the greatest common divisor of 2500120222 and 10414?
10414
Calculate the greatest common factor of 190736 and 533039.
1703
What is the greatest common divisor of 141664 and 36784?
304
What is the highest common divisor of 21712 and 717204?
236
What is the highest common divisor of 3065739876 and 3384?
1692
Calculate the greatest common divisor of 33653525 and 8655.
2885
Calculate the greatest common factor of 34692222 and 6.
6
What is the highest common factor of 333175 and 1125?
25
Calculate the greatest common factor of 124675870 and 165.
55
What is the greatest common factor of 256168474 and 3643?
3643
Calculate the greatest common factor of 1568740464 and 36.
36
Calculate the greatest common divisor of 494 and 4152298.
38
Calculate the greatest common divisor of 35 and 59420529.
7
What is the highest common divisor of 1651720 and 30328?
136
What is the greatest common factor of 56053125 and 250?
125
What is the greatest common factor of 712990 and 1328596?
3478
Calculate the greatest common divisor of 1176 and 1144654.
14
What is the highest common factor of 2440 and 227836464?
488
What is the highest common factor of 2811110 and 2507?
109
Calculate the greatest common factor of 58 and 2226127.
29
What is the greatest common divisor of 23127776 and 224?
224
What is the greatest common factor of 195125405 and 34?
17
What is the highest common factor of 804212155 and 1030?
515
Calculate the greatest common factor of 144051 and 255.
3
Calculate the greatest common divisor of 794 and 1123118558.
794
Calculate the greatest common divisor of 8833 and 2149565.
121
What is the highest common factor of 3324291 and 2059?
71
What is the greatest common factor of 66 and 45097514?
22
Calculate the greatest common divisor of 1031929 and 451.
41
What is the highest common factor of 27160 and 1005308?
388
Calculate the greatest common factor of 150238 and 26092.
22
Calculate the greatest common factor of 77 and 65817367.
77
What is the greatest common factor of 10187739 and 14148?
1179
What is the greatest common factor of 1326 and 3905954?
442
Calculate the highest common divisor of 60102 and 708822.
954
What is the greatest common divisor of 19224314 and 1938?
646
What is the highest common factor of 1050710428 and 316?
316
What is the greatest common factor of 6440 and 95956?
644
Calculate the greatest common factor of 235190 and 11890.
290
Calculate the highest common divisor of 198 and 5510637.
99
Calculate the greatest common divisor of 1057138 and 1696.
106
What is the greatest common factor of 3157 and 6367009?
11
Calculate the greatest common divisor of 9744 and 43106784.
336
Calculate the greatest common divisor of 3891873 and 16485.
471
Calculate the greatest common factor of 460881558 and 2628.
1314
Calculate the greatest common factor of 28 and 2149777.
7
What is the highest common factor of 3159 and 294333?
39
What is the highest common factor of 65963796 and 16?
4
Calculate the highest common factor of 1042140 and 180.
60
What is the highest common factor of 8561776 and 16?
16
What is the highest common divisor of 19889958 and 132?
66
What is the highest common divisor of 33864368 and 64?
16
Calculate the greatest common divisor of 42810 and 4110.
30
Calculate the greatest common divisor of 180088 and 7864.
8
What is the greatest common divisor of 22806060 and 19980?
2220
Calculate the highest common factor of 37213 and 307057.
199
What is the highest common divisor of 115540512 and 4272?
4272
Calculate the greatest common divisor of 1748540 and 20.
20
Calculate the greatest common factor of 11706670 and 145.
5
Calculate the greatest common divisor of 10846 and 1842544.
638
What is the highest common divisor of 64282 and 282?
2
Calculate the highest common factor of 3419739 and 45927.
729
Calculate the highest common factor of 1558 and 1557810.
38
What is the greatest common divisor of 18230901 and 14807?
871
What is the greatest common divisor of 1138 and 452263960?
1138
Calculate the highest common divisor of 12033970 and 390.
130
Calculate the greatest common factor of 1085 and 50921570.
35
Calculate the greatest common factor of 10446 and 6540.
6
What is the greatest common divisor of 12821 and 14327?
1
Calculate the greatest common factor of 7155 and 1407645.
135
Calculate the highest common divisor of 15325032 and 39.
3
What is the greatest common factor of 2655 and 69709857?
177
What is the greatest common divisor of 108239 and 268073?
17
What is the highest common factor of 3 and 4183563?
3
What is the highest common factor of 459546 and 335778?
1146
What is the highest common factor of 372 and 236759400?
372
What is the greatest common factor of 24953643 and 759?
759
What is the greatest common factor of 123 and 5896702?
41
What is the greatest common divisor of 15529599 and 423?
423
Calculate the greatest common factor of 4712 and 16933688.
248
What is the greatest common factor of 8 and 86137356?
4
Calculate the greatest common factor of 24586 and 18962.
38
What is the greatest common factor of 2506 and 14343091?
1253
Calculate the highest common factor of 33352831 and 193704.
1153
What is the greatest common factor of 182508 and 5484774?
1362
Calculate the greatest common divisor of 74267009 and 15371.
809
Calculate the greatest common factor of 4300 and 22152224.
172
What is the greatest common factor of 18 and 197193681?
9
Calculate the highest common divisor of 155025824 and 96.
32
Calculate the highest common factor of 162507231 and 82.
41
Calculate the highest common factor of 3368 and 220768.
8
What is the highest common factor of 481 and 43693234?
13
What is the greatest common divisor of 104 and 3951532?
52
Calculate the highest common factor of 72 and 94050882.
18
Calculate the highest common divisor of 584381 and 1519.
217
Calculate the highest common factor of 23003610 and 210.
210
Calculate the highest common factor of 6372 and 4888032.
708
What is the greatest common factor of 308136 and 64591968?
8328
What is the greatest common divisor of 44 and 29435516?
44
Calculate the greatest common factor of 78723936 and 1062.
1062